False
Let i(m) = 7*m**2 + 19*m - 37. Let t be i(-22). Suppose -3*j = -8675 + t. Let a = j + 1121. Is a prime?
False
Let x = -150 - -151. Is (x - -2)/((27/(-1418))/(-9)) prime?
False
Suppose -4*f + 4*y = 2324, 3*f = -y - 2*y - 1749. Let q = f + 917. Is q a prime number?
False
Suppose -4770*j - 11781896 = -4826*j. Is j composite?
False
Let s(m) = -m + 15. Let n be s(8). Suppose 2*o + 4*z = 12, 0 = -5*o + n*o - 4*z - 4. Suppose 4*v - 3*t = 1436 + 2548, o = -t. Is v prime?
False
Suppose 41*d = 37*d - 444. Let g = d + 1678. Is g prime?
True
Let k(y) = -352*y**3 + 9*y**2 + 22*y + 1. Let w(b) = -351*b**3 + 9*b**2 + 22*b + 1. Let z(n) = -2*k(n) + 3*w(n). Is z(-2) a prime number?
False
Let t be -1 + 0 - -5 - (1 + -2). Suppose -4*b + b - 2892 = -2*q, -5784 = -4*q + 4*b. Suppose t*l - q = -f - 336, -2*l = f - 441. Is l a composite number?
False
Let b(k) = 5*k - 18*k + 731*k**3 + 14 - 739*k**3 + 10*k**2. Is b(-9) a prime number?
False
Suppose -1 + 9 = -4*y, -3 = -j - y. Suppose h - 20 = -18, j*h = 5*q - 27345. Is q composite?
False
Suppose 14*v + 19698 = 8*v. Let a = 6050 + v. Is a composite?
False
Suppose 20 = -9*l + 5*l. Let w = l + -3. Is ((-1124)/w)/(20/(-24) + 1) composite?
True
Let p = -790 + 551. Let v = 1308 + p. Is v a prime number?
True
Let f(w) = -w**3 - 8*w**2 - 20*w - 22. Let a be f(-5). Suppose -u + a*m + 9184 = 0, -8*u + 5*u = 2*m - 27541. Is u composite?
False
Suppose 3*p - 2*u - 227 = 0, 4*p - 2*u - 325 + 21 = 0. Let j(w) = 3*w - 2. Let o be j(-2). Let x = o + p. Is x a composite number?
True
Let h(u) = 16*u - 18. Let b be h(1). Is (-2)/b + (-15)/(15/(-418)) a composite number?
False
Suppose -44*d - 25 = -49*d, -c - 4*d = -89173. Is c composite?
False
Let a = -20220 + 56183. Is a prime?
True
Let c(z) = 8806*z - 1248. Is c(7) prime?
False
Let k = 803 + -786. Suppose -3*d - k*r + 12*r = -187357, 0 = 4*d + 3*r - 249824. Is d a composite number?
False
Suppose 63 = -y + 8*y. Let k = 347 + y. Let x = k + -109. Is x a prime number?
False
Let c(s) be the first derivative of -35*s**2/2 + 38*s + 14. Let w be c(24). Let n = w - -1131. Is n prime?
False
Let r(w) = -w**2 + w + 5. Let b be r(0). Let m be -2 - -2 - (4 + (-24)/6). Suppose -2705 = -5*g + z, b*z = -m*z. Is g a composite number?
False
Let r(h) = 186*h**2 + 502*h + 11. Is r(-12) composite?
False
Suppose -29*q + 1680 = -17*q. Is (7461/12 + 1)/(35/q) prime?
False
Let a = -101139 + 160663. Let p = -39863 + a. Is p a prime number?
True
Let y(q) = -q**3 + 6*q**2 + 6*q - 20. Let g be y(6). Is 4/(-1) - 8/(g/(-1830)) a composite number?
False
Suppose -204 + 204 = 4*u. Suppose 5*v - 14*v + 24669 = u. Is v composite?
False
Suppose x = 4*x - 9. Suppose 5*r + 4*s = -18, -137*s - 8 = 3*r - 135*s. Suppose -x*j - 10 = 2*j, 2*i = -r*j + 250. Is i a composite number?
False
Suppose 0 = 44*t - 19514 - 1649890. Suppose 9486 = b + d, -4*d + t = 4*b + d. Is b a composite number?
True
Suppose -5*i - 2*y + 1 = y, -11 = -4*i + y. Suppose -32 = q + i*m, -4*q = -0*q - 3*m + 117. Is (107457/45)/7 - (-4)/q prime?
False
Let i = -46146 + 74087. Is i a composite number?
False
Suppose 522*q - 525*q = -78963. Is q a prime number?
True
Let i = -1028 - -5229. Is i a composite number?
False
Suppose -5*y + 4 = -n, 3*y - 6 = 2*n + 2. Suppose -2*w + y*w + 22 = -4*j, -25 = 5*j - 2*w. Is (-5920)/j - (-3 + (-30)/(-9)) a prime number?
True
Is (-40)/(-420) - (-1351682)/42 a composite number?
False
Let t = 64 - 59. Suppose -v = -t*r + 11, -3*v = -4*r + 3*r + 5. Is (2 + (-5)/r)*-1502 composite?
False
Let h be (-83 + (-1 - 0))*36/16. Let k = h - 9. Let x = k - -593. Is x a composite number?
True
Let z = 128 - 94. Suppose 32*s + 3646 = z*s. Is s a prime number?
True
Is (-1136982)/(-20) - ((-40)/(-50) + (-77)/110) prime?
False
Is 12 + -16 + 1 + 865936 a prime number?
True
Let c(a) = -15176*a - 3. Is c(-5) a prime number?
False
Let q be ((2 - 2) + 1)*1. Let b be -1*(-1 + 2) - q. Is b/(-10) + (-10668)/(-10) a prime number?
False
Let r(d) be the third derivative of -53*d**4/2 + d**3/6 - 2*d**2. Let h be (-24)/7 + (-3)/(63/12). Is r(h) a prime number?
False
Suppose 0 = t - 6, -13*r + 5*t - 63238 = -17*r. Is r a prime number?
False
Let o(g) = 67*g**2 - 757*g + 37. Is o(-30) composite?
False
Suppose 0 = u - 51 + 26. Let p = 35 + u. Let k = p - 7. Is k composite?
False
Suppose -19*i + 173318 = -239495. Is i a prime number?
True
Suppose -30 = -3*m + 57. Suppose -8*r - 19 = m. Is (-4)/r*(-666)/(-4) a prime number?
False
Suppose 616 = w - 3*n - 359, -w - 4*n + 982 = 0. Suppose -5*b = -v + 838, -2*b = v + 140 - w. Suppose 5*h - v - 97 = 0. Is h a prime number?
False
Suppose -5*z = -5*n + 5, 4*n + z - 2 = 7. Suppose 4*t + 2 = -4*q + 38, 0 = -3*q - n*t + 27. Is 1/(2/(-10316))*q/(-18) a composite number?
False
Let a = 28 + 43. Let i = a + -72. Is i/5 + (3 - 48684/(-20)) prime?
True
Let u = 245091 - 105824. Is u composite?
False
Suppose -4*c = l - 30949, -550*c + 4*l = -555*c + 38689. Is c prime?
False
Let v = -25 - -28. Suppose -v*i = -7463 - 400. Let j = i + 332. Is j prime?
True
Suppose 3*h - 84 = -h. Suppose t = h*t - 9620. Is t composite?
True
Suppose -16*g = -54*g + 8246. Let w = 1054 + g. Is w prime?
False
Is 84518434/148 + 2/4 prime?
False
Suppose -89*j + 512881 = -36*j. Is j composite?
False
Let q be (-526690)/6 + (-50)/(-30). Let v = -50351 - q. Is v a composite number?
True
Let f = -163544 - -423817. Is f composite?
True
Is (-1709650)/(-26) + 5 + 9/39 prime?
True
Let l = 112911 - 59966. Is l a prime number?
False
Let t = 16962 + 69405. Is t a prime number?
False
Suppose -6*a + 178239 + 35962 = 7*a. Is a a composite number?
False
Suppose -2*n + 169698 = 4*p, -84841 = -n + 36*p - 40*p. Is n composite?
False
Let k(g) = 50703*g**3 + 5*g**2 - 4*g - 11. Is k(3) a prime number?
False
Let g(n) = 10*n**3 - 45*n**2 - 5*n + 3. Is g(8) a composite number?
False
Let v(m) be the second derivative of 26*m**3/3 - 53*m**2/2 - 2*m + 12. Is v(7) a prime number?
True
Let g(l) = 80*l**2 - 49*l + 52. Is g(-23) a prime number?
True
Let j be ((-6)/(-24))/((-1)/(-42))*-2. Let w(a) = -a**3 - 16*a**2 - 23*a - 31. Is w(j) a prime number?
True
Let h = -4335 + 3042. Let b be (-1 + 0)/(-4 - 10/(-2)). Is (h + (3 - 1))*b a prime number?
True
Let g(k) = -73*k + 1. Let u be g(-1). Let y = -71 + u. Suppose -y*b + 783 = 114. Is b a prime number?
True
Let o = 188139 + -64010. Is o a composite number?
True
Let c = -47808 - -92687. Is c a prime number?
True
Let x(a) = 2833*a**3 - 26*a**2 + 81*a + 3. Is x(4) composite?
True
Let d = 231 + -377. Let f be 10/(-105) - 11035/(-105). Let w = f - d. Is w a composite number?
False
Suppose 133 = 6*c - 587. Suppose -109*g - 59158 = -c*g. Is g a composite number?
True
Let w be -8 - (-4*(3 - 2) + 2). Let o be 25 - w - (-3)/(-1). Let d = o - -381. Is d composite?
False
Let k be ((-2)/(-4))/((-8)/(-144)). Suppose -k*g = -0*g - 2394. Suppose -8*t + 926 + g = 0. Is t prime?
True
Is 70/28*4310556/30 prime?
False
Let g = -158679 + 449257. Is g composite?
True
Suppose 12*c - 1272 = 6048. Let y = c + -970. Let g = y - -1067. Is g prime?
False
Let x = -456850 + 1386071. Is x prime?
False
Let p = -173859 - -357916. Is p prime?
True
Is (12 - 1) + 16 + 7768 prime?
False
Let r be 6/4 + 3909/(-6). Let h = -271 - r. Is h a prime number?
True
Suppose 3*f = f + 70. Suppose -2*g + 16 = 2*q, 4*q - g - 10 = 7. Suppose -q*o = -f - 60. Is o prime?
True
Let q be 16*(-7)/(-21)*(-15)/4. Suppose -4*s - 6 - 9 = 5*p, 10 = -5*p - 5*s. Is (-15178)/p - 1 - q/(-70) composite?
True
Let b = 356 + -335. Suppose -15*q + b*q - 3534 = 0. Is q composite?
True
Let s(a) = -5*a - 5. Let v be s(0). Is (6 + v)/(4/16756) prime?
False
Suppose 0 = 28*h - 784 + 2996. Is (5*2203)/(h - -80) a composite number?
True
Let x(i) = -118860*i + 2099. Is x(-5) a prime number?
True
Let q(r) be the third derivative of -r**4/12 - r**3/2 - 8*r**2. Let t be q(-4). Suppose -2*l + 854 = -g - 3*g, -2157 = -t*l - g. Is l a prime number?
True
Let q be (-9996)/(-10) - (-4)/10. Let y be -1 + 0 + -6 - (-2492 + (-5 - 21)). Let m = y - q. Is m a composite number?
False
Let v = 4455 + -1472. Suppose -s + 0*p + 4*p = -v, 5*s - 3*p - 14830 = 0. Is s composite?
False
Suppose 0 = -3*a - 220 + 28. Let j = 367 + a. Is j composite?
True
Is 1804 + (-8 - -27) - 0 a composite number?
False
Let v(n) = -35*n + 14. Let b be v(